hird derivative of -f**4/8 - 5*f**3/2 - 73*f**2. Determine d(-7).
6
Let o(n) = 2*n**2 - 8 - 3*n**2 - 4*n + 9 - 7. Calculate o(-5).
-11
Let t = 11 - 17. Let b(z) = -2*z - 3. Let v(i) = -7*i + 1. Let g(o) = 15*o - 2. Let k(d) = 6*g(d) + 13*v(d). Let p(r) = 2*b(r) - 2*k(r). What is p(t)?
4
Let j = 141 + -132. Let a(i) = -2*i + 18. Calculate a(j).
0
Let g be -3 + 23 - (4 - 2). Let r(u) = -18 + 31 - g - u. What is r(-4)?
-1
Let j(v) = v**2 - v. Let i(x) = x**3 - 3. Let z(p) = -i(p) + j(p). Let r = 95 - 59. Let c be (-4)/18 + 8/r. Give z(c).
3
Let w(k) be the second derivative of -k**5/60 - k**4/24 + 21*k**2/2 - 12*k. Let i(n) be the first derivative of w(n). Calculate i(2).
-6
Let j(v) be the second derivative of -7*v**5/20 - v**4/6 + v**3/6 + v**2 + 121*v. Calculate j(-1).
6
Let b(v) = 4*v**2 + 25*v + 10. Let o(f) = 2*f**2 - 13*f - 51. Let k be o(9). Give b(k).
4
Suppose -8*k + 7*k = 31. Let p = k - -34. Let v(i) = i**2 - 2*i + 2. Determine v(p).
5
Let m(r) = -6*r - 9. Let p = -10 - -3. Determine m(p).
33
Let l be 2/(-1) - (-72)/9. Let u(h) = -1. Let n(p) = p + 6. Let d be (21 + -6)*2/(-6). Let z(c) = d*u(c) - n(c). Calculate z(l).
-7
Let w(j) = 2*j**2 - 3*j - 6. Let t(o) = 4*o**2 - 4*o - 13. Let d(g) = -2*t(g) + 5*w(g). Calculate d(4).
0
Let a(q) = q**2 - 34*q - 75. Let s be a(36). Let d(b) = b**3 + b**2 - 4*b - 1. Give d(s).
-7
Let o(h) = h**3 - 10*h**2 - 11*h - 4. Suppose -75 = -4*g - r, 2*r = -3*g - 0*r + 50. Let b = g - 9. Let a be o(b). Let d(p) = -p**2 - 4*p + 5. Give d(a).
5
Let i be ((-3)/(-9))/((-4)/(-24)) + -68. Let u = i + 61. Let p(f) = f + 12. Give p(u).
7
Let g = 904 + -915. Let l(u) = -u**2 - 12*u + 14. Determine l(g).
25
Let q(k) = 11*k + 5. Let t be q(0). Let z(l) = l**2 - 2*l - 6. Give z(t).
9
Suppose 4*t - 17 = 3*x, -2*x - 1 = t - x. Let u(v) = -4*v + 2. Determine u(t).
-6
Suppose 0 = p - t + 1, t = 2*p - 21 + 19. Let u(m) be the first derivative of -8 + 1/4*m**4 + 6*m + 5/3*m**p + 3/2*m**2. Give u(-4).
10
Let v(s) = 2 - s**2 + 4 - 2459*s + 2453*s. Calculate v(3).
-21
Let t(w) = -27*w + 8. Let i(b) = 7*b - 2. Let y(p) = 9*i(p) + 2*t(p). Let q be y(1). Let u(j) = -4 - j**3 - 3*j - 5*j**2 + 0*j**3 + 0*j + q*j. What is u(-6)?
8
Let v(o) be the second derivative of o**2 + 0 - 15*o + 1/6*o**4 + 1/3*o**3. What is v(-3)?
14
Let h(g) = 3*g + 3. Let n(a) = -a. Let l(j) = -h(j) - 2*n(j). Give l(-8).
5
Let v(f) = 1 - 191*f + 2 - 3 + 192*f. Calculate v(2).
2
Suppose -n - 4*k + 4 = 0, 0*n + 5*n - k = -1. Suppose -5*w + 2*q = -12, n*w - q + 8 = w. Let i(m) = -m**3 + 5*m**2 - 5*m + 6. Give i(w).
2
Suppose -14 = q + 4. Let y = 15 + q. Let j be 1/(y + (-17)/(-6)). Let p(s) = s**2 + 5*s - 1. Give p(j).
5
Let s(l) = l**2 - 13*l - 2. Suppose -3*g + 8 + 28 = 0. Determine s(g).
-14
Let x = 68 - 134. Let l be (2/(-12))/(11/x). Let t(i) = 3*i**2 + 2*i - 1. Determine t(l).
4
Let v be (-7)/2*(-288)/126. Let t(w) = -v*w + 2*w - 5*w**2 + 2*w**3 + 0*w - 3*w**3 - 4. What is t(-4)?
4
Let u(o) = o**3 + 6*o**2 + o - 3. Suppose 5*n - 5 = 0, 3*x + 0*n = -n + 64. Suppose x + 21 = -7*y. What is u(y)?
-9
Suppose -3*a - 5*b = -41, -2*b + 62 = 4*a + a. Suppose -16 = -8*p + a*p. Let j be 0/p*2/4. Let w(u) = u. What is w(j)?
0
Let i(j) = j**3 - 7*j**2 + 6*j - 8. Suppose 3*f + 0 - 30 = 0. Let l(t) = -t + 2*t + 2 - 6. Let q be l(f). Calculate i(q).
-8
Let w(b) = 7*b - 3. Let a = -24 + 12. Let y be (-21)/a - (-8)/32. Determine w(y).
11
Let c(m) = -2*m - 64. Let z be c(-28). Let j be (3*2/z)/(33/(-132)). Let y(w) = w**3 - 3*w**2 + w + 3. Calculate y(j).
6
Suppose h - 4*f = 3 - 13, -3*h - f + 22 = 0. Let x(z) = z**2 - 8*z + 17. Determine x(h).
5
Let y(t) = t + 3. Let u be y(-2). Suppose -c - 4 = -5*v + c, -u = -2*v + c. Let w(o) = 4*o**3 - 2*o**3 - 2 - o + 0*o**2 + 17*o - 3*o**2 - 14*o. Determine w(v).
6
Let g(o) = -o**3 + o**2 + 2*o - 3. Suppose 8 - 14 = -2*m. Let x be (-52)/20 + m - (-16)/10. Determine g(x).
-3
Let v = 59 - 63. Let x(z) = -15*z**3 + 4*z**2 - 9*z. Let m(y) = 8*y**3 - 2*y**2 + 5*y. Let c(d) = v*x(d) - 7*m(d). Calculate c(1).
3
Let y(w) = 28*w**2 - 15*w + 9. Let p(a) = 12*a**2 - 7*a + 4. Let k(d) = -9*p(d) + 4*y(d). Calculate k(-2).
10
Let v(k) = 4*k**3 - k + 2. Let o = -1336 + 1334. Calculate v(o).
-28
Let r = -15 - -20. Let a(i) = 19*i - 11. Let j(v) = 13*v - 7. Let q(u) = r*a(u) - 8*j(u). Calculate q(2).
-17
Suppose 0 = 11*m + 5*m - 14*m. Let c(q) = 0 + 0 + q**3 + 2*q**2 + q - 3 - q**2. Give c(m).
-3
Let j(t) = t**3 - 5*t**2 + 5*t - 2. Let k(u) = -u**2 + 9*u - 10. Let o be 6 - ((1 - -1) + -3). Let c be k(o). Determine j(c).
2
Let c(f) be the first derivative of -f**4/4 + 10*f**3/3 - 4*f**2 - 13*f - 92. Let o(y) = -3*y. Let d be o(-3). Give c(d).
-4
Let t(w) = w**3 - 8*w**2 + w - 8. Let q(r) = -r**3 + 7*r**2 + 8*r - 48. Let l be q(7). What is t(l)?
0
Suppose 0 = f + 3*f + 48. Let g(s) = s**3 + 11*s**2 - 11*s + 4. Calculate g(f).
-8
Let s(p) be the first derivative of p**3/3 - 19*p**2/2 - 15*p - 305. Determine s(20).
5
Suppose y - 4 - 6 = 0. Let l(p) = -13*p - 28. Let b(z) = -11*z - 25. Let a(q) = 7*b(q) - 6*l(q). What is a(y)?
3
Let r be (-57)/5 + (-10)/(-25). Let z(y) = 3*y + 7. Calculate z(r).
-26
Let o(n) = -2*n - 1. Suppose -z = 2*q + 5, 0 = -2*z + 7*z - q + 36. Let f(a) = -a**2 - 8*a - 12. Let k be f(z). Let c = 3 + k. Determine o(c).
3
Let a(k) = 14*k**2 + 32*k - 4. Let z(n) = 5*n**2 + 11*n - 1. Let o(x) = 4*a(x) - 11*z(x). Calculate o(-6).
-11
Let m(z) = z**3 - 8*z**2 - 10*z + 11. Suppose 4*x - 37 = -1. Let r be m(x). Let l(j) = 3*j - j - r - 2 - j**2 + 2*j**2. Calculate l(-4).
4
Let z(f) = 5*f - 22. Let m be z(7). Suppose 2*q + 28 = 2*v - 0*q, -2*v - q + m = 0. Let i(g) = -g**2 + 9*g - 6. Let j be i(v). Let u(k) = -k - 2. What is u(j)?
4
Let q(m) be the second derivative of -m**5/20 - m**4/6 + m**3/6 + m**2/2 + 21*m. Give q(-4).
29
Let r(a) be the second derivative of 0 - 1/2*a**3 - 1/4*a**4 + 1/20*a**5 + 23*a + 2*a**2. Let n = 2 - -2. Determine r(n).
8
Let v(p) be the first derivative of -p**4/4 + 11*p**3/3 - 11*p**2/2 - 13*p + 814. Calculate v(9).
50
Let v(b) be the third derivative of 0*b - 1/8*b**4 + 1/10*b**5 + 4/3*b**3 + 0 - 1/120*b**6 - b**2. Calculate v(6).
-10
Let t(i) = -6*i**3 - 2*i**2 - i. Let d = 17 - 12. Suppose 5*k = 3*m - 6, -4 = d*k - 4*m - 1. Let b be (-2 - 1)*(-1)/k. Determine t(b).
5
Let w(x) be the third derivative of x**3 + 0 - 1/24*x**4 - 2*x**2 + 0*x. Give w(5).
1
Let t(b) = b**2 + 9*b. Suppose 2*d + 29 = -4*z - 17, -3*d = 15. What is t(z)?
0
Let z(u) be the third derivative of 5/24*u**4 - 1/30*u**5 - 1/120*u**6 + 0*u + 56*u**2 + 0 + 0*u**3. Calculate z(-4).
12
Let s(q) be the first derivative of -q**3/2 - 3*q**2/2 + 32*q + 34. Let y(w) be the first derivative of s(w). Give y(-4).
9
Let g(z) = z + 2*z + z - 5 - z. Calculate g(6).
13
Let j(w) = 3*w**2 + 30*w - 103. Let d be j(3). Let c(k) = -k**2 + 16*k - 16. Give c(d).
12
Let r(v) = v**2 + v + 9. Let w(s) = s**3 - 17*s**2 + 16*s + 2. Let q be w(16). Suppose 6 = k - 2*j + q, 2*j + 4 = -k. What is r(k)?
9
Let n(v) = -v**3 - 23*v**2 - 60*v - 6. Let d be n(-20). Let c(a) = 0 - 5*a**2 - 7*a + 1 + 1. Let i(o) = -o**2 - o. Let j(k) = d*i(k) + c(k). What is j(3)?
8
Let j(i) = -i**3 - 2*i**2 - 8*i**2 - 12 + i**2 - 10*i. Let s be j(-8). Let m(f) = 3*f - 5. Calculate m(s).
7
Let h(g) = g**3 - g. Suppose 2*c - 6*c = 12. Let t(f) = f + 2. Let p be t(c). Let v(j) = j**2 - 1. Let x(w) = p*h(w) - 2*v(w). Give x(-3).
8
Let j(d) be the first derivative of d**3/3 + 3*d**2 - d + 1. Let l(n) = 19*n - 2 + 19*n - 36*n. Let w be l(-2). Determine j(w).
-1
Let r = 57 - 52. Let q(h) = -h**3 + 5*h**2 - h + 3. Give q(r).
-2
Let n = -132 - -147. Let g(z) = -z + 9. Calculate g(n).
-6
Let h(z) = -4*z - 8. Let b(y) = -6*y - 13. Let m(x) = -3*b(x) + 5*h(x). Calculate m(1).
-3
Let b(w) = w**3 + 6*w**2 + 7*w + 7. Suppose 3*m = 3 + 3. Let j be -1*(m - (-3)/(-3)). Let q = -6 - j. Give b(q).
-3
Let z(i) = i**2 - 16*i + 54. Let f be z(6). Let r(s) = 2*s + 15. What is r(f)?
3
Let w = -38 + 14. Let g be 3 - 2 - w/6. Let c(t) = 3*t**2 - 24*t + 15. Let y(j) = j**2 - 8*j + 5. Let d(x) = -2*c(x) + 7*y(x). Calculate d(g).
-10
Let d(o) be the first derivative of -1/6*o**3 - 1 - 1/20*o**5 + 1/12*o**4 + 9*o + 2*o**2. Let y(g) be the first derivative of d(g). Determine y(0).
4
Suppose 4*w - 1 = 5*f, w + 19 = 5*w + f. Su